ppose -a + 161 = -c, 644 = -44*a + 48*a - 10*c. Calculate the greatest common divisor of a and 105.
7
Let q be (211/4)/(12/(-108)*(-18)/16). What is the greatest common factor of 10 and q?
2
Let j be 20/(-15)*105/(-10). Suppose 18*k = j*k + 1024. What is the greatest common factor of 8 and k?
8
Suppose 2*s = -3*f + 3053, -848*s + f - 6141 = -852*s. What is the highest common factor of 232 and s?
29
Let v be 832*(-39)/143*(-22)/12. Calculate the highest common factor of v and 3016.
104
Suppose -7*m + 3*m = -1472. Suppose -102 - m = -b. Suppose -b = -2*x + 10. Calculate the highest common divisor of 30 and x.
30
Let t(o) = o**2 - 168*o + 6274. Let l be t(50). What is the greatest common divisor of 22 and l?
22
Suppose -5*s + 1781 = -x, -s + 351 = 15*x - 10*x. What is the highest common divisor of 34532 and s?
356
Suppose -5*f + 8 = -2*h - 0*h, -h - 4 = 2*f. Suppose 4*g + f*b - 4*b - 216 = 0, 0 = -3*b. Calculate the highest common divisor of 12 and g.
6
Suppose 236 = 2*w - 4*v, -2*v = 4*w - 6*w + 244. Let s = w - 18. Calculate the highest common factor of s and 81.
27
Let a be -6*(-4)/32*-4*-9. Suppose -a*q + 32*q - 300 = 0. Suppose q = 6*r - r. What is the greatest common divisor of 120 and r?
12
Let l be ((-2)/25*-155)/(2/10). Suppose 43*k = -l + 922. Calculate the highest common factor of 20 and k.
20
Suppose 5*w + 30 = 0, 104*f - 109*f - 5*w = -45. Calculate the greatest common divisor of 2955 and f.
15
Suppose 8 = -881*z + 880*z. Let l be 2/(((-64)/612)/z). Calculate the highest common factor of 51 and l.
51
Suppose 5*v + 184 = 4. Let t be (-2)/(-4) - (-54)/v. Let x be (-4)/(-8)*(1 - t). What is the greatest common divisor of x and 2?
1
Suppose 0 = -4*f + 3*j + 15, -4*f = -j - 0*j - 5. Suppose f = 29*r + 12*r - 19557. Calculate the greatest common factor of 53 and r.
53
Let r be (1376/(-4))/(4/(-2))*47. What is the highest common divisor of r and 344?
172
Let y(o) = 1 - 3 + 8*o - o**3 + 16*o**2 - 37*o**2 + 13*o**2. Let t be y(-9). Suppose t*d - 26 = 79. What is the greatest common factor of d and 75?
15
Let s(c) = 15*c**2 + c - 6. Let i be s(-2). Suppose -4*m = -100 - i. Suppose 0 = -o + m + 2. What is the greatest common divisor of 5 and o?
5
Let p(z) = 97*z - 178. Let q be p(20). Suppose 4*u - q = 3*m, -u + 3*m = 8*m - 452. What is the greatest common factor of 26 and u?
26
Let p(x) = -2*x**2 + 26*x + 232. Let w be p(-6). Calculate the highest common factor of w and 1548.
4
Suppose -2*s - 3*r + 5*r = -338, 12 = 4*r. Let m be 215*(-12)/600*-5*2. Calculate the greatest common divisor of s and m.
43
Let w(r) = 67*r**2 - 40*r - 328. Let k be w(-8). What is the greatest common divisor of 40 and k?
40
Suppose 4*d + 83 = -2*y + 7*y, 5*y + 93 = -4*d. Let o = d + 36. Let g be (-4)/(-36) - (-3)/(81/942). Calculate the greatest common divisor of o and g.
7
Suppose -228*j - 1426 = -259*j. Calculate the highest common divisor of j and 38.
2
Let k be (10/((-160)/(-1296)))/(1 + -3 + 3). Suppose 4*s = -d + 31, 5*d = -5*s + 2*d + 30. What is the highest common factor of k and s?
9
Let t = 166 + 3. Suppose 5*p + 49 = t. What is the highest common divisor of 168 and p?
24
Suppose -4*m + 8 = -3*d, 7*m - 6*m + 4*d + 17 = 0. Let k be (-8)/(-8) + (11 - m). Calculate the highest common factor of 195 and k.
13
Suppose 5*f + 5*b - 2658 = 897, -2*b - 2118 = -3*f. Suppose 4*w + 2*r = 5*r + 944, f = 3*w - 3*r. What is the highest common divisor of w and 295?
59
Suppose 2*l = 148 + 330. Let d = 284 - l. Calculate the greatest common factor of 315 and d.
45
Let f = 33817 - 14592. Calculate the highest common factor of f and 25.
25
Let l = 3888 + -3874. What is the highest common divisor of 1316 and l?
14
Suppose -l = 5*i - 109, 254*i - 487 = -5*l + 258*i. Suppose -14 = 2*r + 4*a, r = -0*r + 2*a + 1. Let v = r - -14. What is the highest common divisor of l and v?
11
Let l(f) = 5*f - 3. Let w be l(3). Let b = -562 - -559. Let d be (0 - (-4)/b)*(-3 + -3). What is the greatest common factor of d and w?
4
Let m be ((-356)/5)/((-22)/55). Suppose 56 = 9*l - m. Let g = 175 - 110. What is the greatest common divisor of g and l?
13
Let w = 64 - 60. Suppose 2*o - 229 = -3*h, w*o - 650 = 3*h - 165. What is the highest common divisor of 34 and o?
17
Suppose -5*d - 282 = -72. Let y = d + 51. Let m be 9/((4/(-3))/(-4)). What is the greatest common divisor of m and y?
9
Suppose -5*b = -m + 3, 5*b - 3*m = -6*m - 11. Let a(o) = 44*o**2 + o + 1. Let t be a(b). Calculate the highest common divisor of t and 11.
11
Suppose 15*z + 14386 = 14641. Calculate the highest common divisor of z and 26.
1
Suppose -5*c - 324 = -2*f, -204*f = -209*f - 3*c + 810. Calculate the greatest common divisor of f and 522.
18
Let k = -60 + 61. Let u = k - -2. Suppose -8*g + 240 = -u*g. What is the greatest common divisor of 32 and g?
16
Suppose -4541670 = -134*c - 133*c. Calculate the greatest common divisor of c and 75.
15
Let n = -7062 + 7296. Calculate the highest common factor of n and 1482.
78
Let d = 12 - 32. Let a be (-168)/(-70)*d/(-6). What is the greatest common divisor of a and 40?
8
Let w = -14151 - -16351. Calculate the greatest common divisor of w and 165.
55
Let m(t) = -690*t - 47805. Let c be m(-70). Let i be 178/4 + 1/2. What is the greatest common factor of c and i?
45
Suppose -2*b = q - b, 3*b = -2*q - 3. Suppose -3*c + 0*c - 15 = q*w, 8 = 2*w - 4*c. Let y be (2 + -4)*w + 3. Calculate the highest common factor of 35 and y.
7
Let j be 3415 + 19/(323/272)*(-2)/(-4). What is the greatest common divisor of 63 and j?
21
Let s(x) = -2867*x + 77429. Let i be s(27). Let f = -553 - -1053. Calculate the highest common factor of i and f.
20
Let a(m) = -m**2 - 8*m + 8. Let j be a(-7). Suppose 9*q + 4248 = j*q. Let p = q - 499. Calculate the greatest common factor of p and 11.
11
Let r(w) = -48*w - 58. Let b be r(-6). Suppose 5*o = -5*h + b, 3*o + 0*o + 2*h - 140 = 0. Calculate the highest common factor of o and 672.
48
Let k(w) = w**3 + 33*w**2 + 27*w - 32. Let l be k(-32). Suppose 160 = o + l. What is the greatest common divisor of 20 and o?
4
Let y(c) = -c**2 - 29*c - 13. Let t be y(-28). Let g be ((-9)/t)/(33/(-55)). Let m be (4/((-4)/(-5)))/1. Calculate the greatest common factor of m and g.
1
Suppose -7*t = 6*t - 10036. Let h = t + -632. What is the greatest common divisor of 196 and h?
28
Suppose 7 = 5*q + 3*v, -4*q - v + 6 = -1. Suppose -q*c + 3 = -1. Let d be (28/c)/(10 + -8). What is the highest common factor of 49 and d?
7
Let s be (-30)/(-20) - 151/(-2). Suppose 5*f - 2*g = s, 5*f = 2*f + g + 46. Calculate the greatest common factor of f and 75.
15
Suppose 0 = -7*y + 32 + 66. Let n be y/3 - (-4)/(-6). Suppose 3*i = n*r + 8*i - 667, -2*i - 170 = -r. Calculate the greatest common factor of r and 24.
24
Let i(g) = g**3 - 18*g**2 + 4*g + 58. Let k be i(17). Let v = 195 + k. Suppose 4*z = 2*z + 16. What is the highest common divisor of z and v?
8
Suppose g - 4*z + 40 = -10, -5*z = -15. Suppose -65*o + 148 = 3*q - 60*o, -2*q = -3*o - 67. Let t = q + g. What is the greatest common factor of 6 and t?
3
Let v be -2*(378/(-4) - 0). Let o(p) = -246*p - 10079. Let k be o(-41). What is the highest common divisor of v and k?
7
Suppose -60 = -5*j + 5*z, z + 45 - 1 = 5*j. Suppose 14275*f - 14257*f - 8928 = 0. What is the greatest common divisor of j and f?
8
Let z(a) = 1755*a - 5195. Let n be z(3). Suppose -i = 4*i - 105. Calculate the greatest common divisor of i and n.
7
Suppose -185 = -o - 73. Let h = -1512 + 1526. Calculate the greatest common factor of h and o.
14
Let r(c) = -c**2 + 17*c - 16. Let u be r(14). Let h(z) = 4*z + 63. Let o be h(-15). Let p be ((-3)/o + -4)*-26. Calculate the highest common factor of p and u.
26
Suppose r = 4*h + 76, 0 = 5*r + h + 160 - 519. Let d = -197 + r. Let o = d + 270. Calculate the highest common divisor of o and 29.
29
Let q = 1056 - 720. Let x = -111 + q. What is the highest common divisor of 18 and x?
9
Suppose -8275*b - 12691 - 87373 = -8328*b. Calculate the greatest common divisor of b and 8.
8
Let m = 4653 - 4623. What is the highest common factor of 345 and m?
15
Suppose 20 = -5*q, 2*u - 5*q - 278 = 148. Let z be -3 + 0 - (0 - 1). Let o be 2 + z/(-1) + 25. What is the greatest common factor of u and o?
29
Let h(o) = o**2 + 44*o - 320. Let n be h(8). Let i be